dreds digit of ((-3444)/(-18))/((-1)/(-3))*1?
5
Let k = -15 + 19. Suppose -k*o = y + 43, o + o - 3*y = -39. Let c = o - -25. What is the units digit of c?
3
Suppose 5*b = 2*c + 2907, 1312 = 4*b + 2*c - 1028. What is the tens digit of b?
8
Let q be (-18)/(-81) + (-1 - 353/9). Let g = 2 - q. What is the units digit of g?
2
Suppose -17*v = v - 14292. What is the hundreds digit of v?
7
Let v(k) = 15*k**2 - 42*k + 61. What is the thousands digit of v(-11)?
2
Suppose 4*q + 3*n + 3 = 104, 2*q + 4*n - 48 = 0. Let z = 50 + -40. Let a = q - z. What is the units digit of a?
6
Suppose -14*s + 10*s = 8. What is the tens digit of 16/s*147/(-14)?
8
Suppose 0*u - 3*u = -159. Suppose -3*q - r = -186 - u, 340 = 4*q - 4*r. Suppose -q + 277 = 4*d. What is the units digit of d?
9
Let a(d) = 0*d - 5*d - 1 - d**2 + 3*d**3 + 3*d + 0*d. What is the tens digit of a(3)?
6
Let c(t) = 3*t + 40. What is the tens digit of c(7)?
6
Let i(g) = -17*g**3 - g - 22*g**2 + 7*g**2 - 33 - 4*g + 18*g**3. What is the tens digit of i(16)?
4
Suppose -3*f + 4 = 5*k, 2*f + 2*f + 14 = 3*k. Let m(z) = 0*z + 3*z**2 + 17*z - z**k - 5 - 3*z**2. What is the tens digit of m(14)?
3
Suppose -z = -c - 1606, 50*z - 3203 = 48*z - c. What is the units digit of z?
3
Let w(d) = 20*d - 137. What is the hundreds digit of w(22)?
3
Let q be (-2474)/(-26) - (-10)/(-65). Let f = q - 59. What is the units digit of f?
6
Suppose 3*p - 1014 = -3*n, -4*p - 333 = -0*n - n. What is the hundreds digit of n?
3
Suppose -2*j = -7*j + 160. Let l = -26 + j. What is the units digit of l?
6
Suppose 4*a - a = 0. Suppose a = 4*t - 131 - 49. What is the tens digit of t?
4
Suppose 3*v - v = 2. Let t be 68 + (v - -3)/1. What is the tens digit of ((-18)/4)/((-27)/t)?
1
Let y = -33 - -29. What is the tens digit of (-101 - 1)*y/6?
6
Let u(x) = -3*x - 9 + 0*x - 12 - 2*x. Let g be u(-5). What is the tens digit of 65 + (-2 - (0 - g))?
6
Let r = -57 + 159. Suppose -5*j + 252 = -5*g + r, 4*j = -5*g + 138. Let v = -14 + j. What is the tens digit of v?
1
Let r = 12 - 9. What is the units digit of 13/(52/144) + r?
9
What is the tens digit of -8 - (-1 - 3) - 2*-1264?
2
Suppose -198 = 6*a + 366. Let q = 197 + a. What is the hundreds digit of q?
1
Suppose 44*h = 109*h - 325390. What is the units digit of h?
6
Suppose 10 = 4*p + p. Suppose z - 2*y - 57 = 3*y, 0 = 3*z + p*y - 120. Suppose c + c = z. What is the units digit of c?
1
Let j = -224 - -349. What is the hundreds digit of j?
1
What is the units digit of (368/12)/((-17)/(-1479))?
8
Suppose -5*u = a - 7 + 27, -5*u - 20 = 4*a. Let q(w) = -5 + a*w**2 - 2*w - w**2 + 7 + 35*w**3. What is the tens digit of q(1)?
3
Suppose 0 = 3*k + m - 5, -5 = k + 4*m - 3. Suppose k = h - 0*h. Suppose -h*q + 70 = 4*w - 0*w, -15 = -q + 2*w. What is the units digit of q?
5
Let j = 635 + -383. What is the tens digit of j?
5
Suppose 0*d + 7122 = -3*h + d, d = 3. What is the units digit of 2/5 - h/105?
3
Let t(w) = 3*w - 4. Let p be t(3). Suppose 2*h - 4*h = -2*u - 14, 4*h - 30 = p*u. Suppose h*b - b + 4*s = 8, 5 = -5*s. What is the units digit of b?
3
Let x(s) = 4880*s**2 + 12*s + 11. What is the units digit of x(-1)?
9
Let j be 33/(-5) + 22/(-55). Let y = j - -29. What is the tens digit of y?
2
Suppose 24 = -0*d - 3*d. Let w(f) = -3*f + 4. What is the tens digit of w(d)?
2
Let o(n) = n**3 + 36*n**2 + 39*n + 77. What is the thousands digit of o(-32)?
2
Let p = 22 - 12. Suppose -5*l + 5 + p = 0. Suppose b = l*y, b - 4*y = 4*b - 13. What is the units digit of b?
3
Suppose 4*j = -j + 60. Let q = 15 - j. Suppose -87 = -q*b + g, -b - g - 18 = -47. What is the tens digit of b?
2
Let r(h) = 492*h**2 - 3*h + 1. What is the hundreds digit of r(1)?
4
Let l(v) = v**2 - 10*v + 19. Let c be l(8). Suppose p - 2*u - 52 = 0, -c*u + 2 = -2*u. What is the units digit of p?
6
Suppose -33*f = -11*f - 3036. What is the units digit of f?
8
Let p(i) = 60*i + 136. What is the tens digit of p(12)?
5
Let b(i) = -i**2 + 4*i + 4. Suppose -4 = -4*n + 4. Let r be (-4)/1*(-2)/n. What is the units digit of b(r)?
4
Let u(h) = 2*h**2 + 21*h - 21. Let f be u(-16). Let b = f + -33. What is the tens digit of b?
2
Let w be 2445/105 + (-4)/14. Let l = 17 - w. Let c = 42 + l. What is the tens digit of c?
3
Let v(m) = -247*m - 7. Let r be 3 + (-2)/1 - 2. What is the tens digit of v(r)?
4
Suppose 6*p - 11471 = 853. What is the units digit of p?
4
Let b(j) = -j - 3. Let t be b(-9). Let k(h) = h**3 - 4*h**2 - 8*h + 6. What is the tens digit of k(t)?
3
Let d be 1 + 2*(-4)/(-8). Suppose 0 = 3*r + d*g + 4, 4*r + 24 = 2*g. Let p(j) = -2*j - 2. What is the units digit of p(r)?
6
Suppose 0*s + j = -5*s + 44, 0 = -5*s + 2*j + 47. Let z be (-16)/(-72) + 2/(-9). Suppose u + z*u - s = -d, -4*d + u + 61 = 0. What is the units digit of d?
4
Let s be 46/(-3)*3/(-2). Suppose 33*v = 43*v + 60. Let c = s + v. What is the tens digit of c?
1
Let d(a) be the third derivative of -13*a**4/24 - a**3/3 + 8*a**2. What is the units digit of d(-3)?
7
Let f(n) = 10*n - 23. Let r be f(9). Suppose 5*v - 2*c = 695, 3*c - 646 = -4*v - r. What is the tens digit of v?
4
Let m(r) = 30*r - 509. Let g be m(20). Suppose 3*w = -w - 172. Let t = g + w. What is the tens digit of t?
4
Suppose 4*y = 3*v - 7*v - 16, -4*v - 4 = 2*y. What is the units digit of ((-279)/y)/((-3)/18*-3)?
3
Let g be 2 + -62 - (5 - 1). Let m = g - -166. What is the hundreds digit of m?
1
Let g(r) = 6*r**2 - 15*r + 2. Let o be g(6). Suppose -16*f + 1168 + o = 0. What is the units digit of f?
1
Suppose 0 = 6*r - 27*r + 52857. What is the hundreds digit of r?
5
Suppose 4015 = -4*i + g + 22487, -3*g + 12 = 0. What is the thousands digit of i?
4
Let q be (1/2)/(3/(-48)). Let l be (-4)/16 + (-10)/q. Suppose -l = x, -4*w - x + 139 = 44. What is the tens digit of w?
2
